{"id":1309,"date":"2023-02-03T13:01:36","date_gmt":"2023-02-03T11:01:36","guid":{"rendered":"https:\/\/suzanapetre.ro\/?post_type=product&#038;p=1309"},"modified":"2024-11-22T14:05:59","modified_gmt":"2024-11-22T12:05:59","slug":"set-pensule-5-pcs-2","status":"publish","type":"product","link":"https:\/\/suzanapetre.ro\/home\/product\/set-pensule-5-pcs-2\/","title":{"rendered":"The 5th Set &#8211; set pensule blending\/concealer pentru ochi (5 buc\u0103\u021bi)"},"content":{"rendered":"<p><strong>01 Pensul\u0103 cilindric\u0103 multifunc\u021bional\u0103:<\/strong> Conceput\u0103 cu un v\u00e2rf cilindric, aceast\u0103 pensul\u0103 poate fi utilizat\u0103 at\u00e2t pentru aplicarea precis\u0103 a concealerului, c\u00e2t \u0219i pentru conturarea \u0219i definirea zonelor fe\u021bei.<\/p>\n<p><strong>09 Pensul\u0103 cilindric\u0103 &#8220;Bullet&#8221; pentru blending \u0219i detalii precise:<\/strong> Cu forma specific\u0103 de &#8220;Bullet&#8221;, aceast\u0103 pensul\u0103 este ideal\u0103 pentru blending-ul delicat \u00een zonele mai mici \u0219i mai dificil accesibile, asigur\u00e2nd detalii precise \u00een machiaj.<\/p>\n<p><strong>06 Pensul\u0103 oval\u0103 \u0219i pufoas\u0103 pentru aplicare \u0219i estompare:<\/strong> Conceput\u0103 cu form\u0103 oval\u0103 \u0219i aplatizat\u0103, aceast\u0103 pensul\u0103 este perfect\u0103 pentru aplicarea uniform\u0103 a fardurilor \u0219i estomparea lor \u00een linii liniare \u0219i precise.<\/p>\n<p><strong>13 Pensul\u0103 plat\u0103 cu fire flexibile \u0219i v\u00e2rf rotund:<\/strong> Cu fibre flexibile \u0219i un v\u00e2rf rotund, aceast\u0103 pensul\u0103 este ideal\u0103 pentru blending-ul fin \u0219i uniform, precum \u0219i pentru aplicarea uniform\u0103 a bazelor \u0219i a concealer-ului pentru un aspect aerisit \u0219i natural.<\/p>\n<p><strong>14 Pensul\u0103 pentru spr\u00e2ncene \u0219i eyeliner cu v\u00e2rf ferm:<\/strong> Conceput\u0103 pentru definirea precis\u0103 a spr\u00e2ncenelor \u0219i aplicarea eyelinerului, aceast\u0103 pensul\u0103 are un v\u00e2rf ferm, oferind control \u0219i precizie \u00een fiecare mi\u0219care<\/p>\n<p>&nbsp;<\/p>\n","protected":false},"excerpt":{"rendered":"<p>Pensulele sunt din fibre sintetice High-Quality, imit\u00e2nd perfect parul natural, fiind deosebit de moi la atingere. Pot fi folosite in texturi cremoase si uscate.<\/p>\n<p>Setul nostru include o varietate de pensule esen\u021biale, perfecte pentru estomparea \u0219i amestecarea fardurilor, definirea spr\u00e2ncenelor \u0219i aplicarea precis\u0103 a concealerului. Indiferent de look-ul pe care \u00eel dore\u0219ti, acest set \u00ee\u021bi ofer\u0103 instrumentele necesare pentru a-\u021bi pune \u00een valoare frumuse\u021bea ochilor \u0219i a ob\u021bine un machiaj impecabil.<\/p>\n<p><strong>Alege calitatea \u0219i performan\u021ba cu pensulele noastre de make-up pentru fa\u021b\u0103 \u0219i descoper\u0103 o experien\u021b\u0103 de machiaj cu adev\u0103rat sublim\u0103!<\/strong><\/p>\n","protected":false},"featured_media":2506,"comment_status":"open","ping_status":"closed","template":"","meta":{"om_disable_all_campaigns":false,"_monsterinsights_skip_tracking":false,"_monsterinsights_sitenote_active":false,"_monsterinsights_sitenote_note":"","_monsterinsights_sitenote_category":0,"site-sidebar-layout":"default","site-content-layout":"default","ast-global-header-display":"","ast-main-header-display":"","ast-hfb-above-header-display":"","ast-hfb-below-header-display":"","ast-hfb-mobile-header-display":"","site-post-title":"","ast-breadcrumbs-content":"","ast-featured-img":"","footer-sml-layout":"","theme-transparent-header-meta":"default","adv-header-id-meta":"","stick-header-meta":"","header-above-stick-meta":"","header-main-stick-meta":"","header-below-stick-meta":"","ngg_post_thumbnail":0},"product_cat":[70,62],"product_tag":[64,63,67],"yoast_head":"<!-- This site is optimized with the Yoast SEO plugin v20.5 - https:\/\/yoast.com\/wordpress\/plugins\/seo\/ -->\n<title>The 5th Set - set pensule blending\/concealer pentru ochi (5 buc\u0103\u021bi) - suzanapetre.ro<\/title>\n<meta name=\"robots\" content=\"index, follow, max-snippet:-1, max-image-preview:large, max-video-preview:-1\" \/>\n<link rel=\"canonical\" href=\"https:\/\/suzanapetre.ro\/home\/product\/set-pensule-5-pcs-2\/\" \/>\n<meta property=\"og:locale\" content=\"ro_RO\" \/>\n<meta property=\"og:type\" content=\"article\" \/>\n<meta property=\"og:title\" content=\"The 5th Set - set pensule blending\/concealer pentru ochi (5 buc\u0103\u021bi) - suzanapetre.ro\" \/>\n<meta property=\"og:description\" content=\"Pensulele sunt din fibre sintetice High-Quality, imit\u00e2nd perfect parul natural, fiind deosebit de moi la atingere. Pot fi folosite in texturi cremoase si uscate.  Setul nostru include o varietate de pensule esen\u021biale, perfecte pentru estomparea \u0219i amestecarea fardurilor, definirea spr\u00e2ncenelor \u0219i aplicarea precis\u0103 a concealerului. Indiferent de look-ul pe care \u00eel dore\u0219ti, acest set \u00ee\u021bi ofer\u0103 instrumentele necesare pentru a-\u021bi pune \u00een valoare frumuse\u021bea ochilor \u0219i a ob\u021bine un machiaj impecabil.  Alege calitatea \u0219i performan\u021ba cu pensulele noastre de make-up pentru fa\u021b\u0103 \u0219i descoper\u0103 o experien\u021b\u0103 de machiaj cu adev\u0103rat sublim\u0103!\" \/>\n<meta property=\"og:url\" content=\"https:\/\/suzanapetre.ro\/home\/product\/set-pensule-5-pcs-2\/\" \/>\n<meta property=\"og:site_name\" content=\"suzanapetre.ro\" \/>\n<meta property=\"article:modified_time\" content=\"2024-11-22T12:05:59+00:00\" \/>\n<meta property=\"og:image\" content=\"https:\/\/suzanapetre.ro\/wp-content\/uploads\/2023\/02\/5th-s.png\" \/>\n\t<meta property=\"og:image:width\" content=\"1500\" \/>\n\t<meta property=\"og:image:height\" content=\"1900\" \/>\n\t<meta property=\"og:image:type\" content=\"image\/png\" \/>\n<meta name=\"twitter:card\" content=\"summary_large_image\" \/>\n<meta name=\"twitter:label1\" content=\"Timp estimat pentru citire\" \/>\n\t<meta name=\"twitter:data1\" content=\"1 minut\" \/>\n<script type=\"application\/ld+json\" class=\"yoast-schema-graph\">{\"@context\":\"https:\/\/schema.org\",\"@graph\":[{\"@type\":\"WebPage\",\"@id\":\"https:\/\/suzanapetre.ro\/home\/product\/set-pensule-5-pcs-2\/\",\"url\":\"https:\/\/suzanapetre.ro\/home\/product\/set-pensule-5-pcs-2\/\",\"name\":\"The 5th Set - set pensule blending\/concealer pentru ochi (5 buc\u0103\u021bi) - suzanapetre.ro\",\"isPartOf\":{\"@id\":\"https:\/\/suzanapetre.ro\/home\/#website\"},\"datePublished\":\"2023-02-03T11:01:36+00:00\",\"dateModified\":\"2024-11-22T12:05:59+00:00\",\"breadcrumb\":{\"@id\":\"https:\/\/suzanapetre.ro\/home\/product\/set-pensule-5-pcs-2\/#breadcrumb\"},\"inLanguage\":\"ro-RO\",\"potentialAction\":[{\"@type\":\"ReadAction\",\"target\":[\"https:\/\/suzanapetre.ro\/home\/product\/set-pensule-5-pcs-2\/\"]}]},{\"@type\":\"BreadcrumbList\",\"@id\":\"https:\/\/suzanapetre.ro\/home\/product\/set-pensule-5-pcs-2\/#breadcrumb\",\"itemListElement\":[{\"@type\":\"ListItem\",\"position\":1,\"name\":\"Home\",\"item\":\"https:\/\/suzanapetre.ro\/home\/\"},{\"@type\":\"ListItem\",\"position\":2,\"name\":\"Shop\",\"item\":\"https:\/\/suzanapetre.ro\/home\/shop-2\/\"},{\"@type\":\"ListItem\",\"position\":3,\"name\":\"The 5th Set &#8211; set pensule blending\/concealer pentru ochi (5 buc\u0103\u021bi)\"}]},{\"@type\":\"WebSite\",\"@id\":\"https:\/\/suzanapetre.ro\/home\/#website\",\"url\":\"https:\/\/suzanapetre.ro\/home\/\",\"name\":\"suzanapetre.ro\",\"description\":\"machiaj, curs machiaj, pensule machiaj\",\"publisher\":{\"@id\":\"https:\/\/suzanapetre.ro\/home\/#organization\"},\"potentialAction\":[{\"@type\":\"SearchAction\",\"target\":{\"@type\":\"EntryPoint\",\"urlTemplate\":\"https:\/\/suzanapetre.ro\/home\/?s={search_term_string}\"},\"query-input\":\"required name=search_term_string\"}],\"inLanguage\":\"ro-RO\"},{\"@type\":\"Organization\",\"@id\":\"https:\/\/suzanapetre.ro\/home\/#organization\",\"name\":\"suzanapetre.ro\",\"url\":\"https:\/\/suzanapetre.ro\/home\/\",\"logo\":{\"@type\":\"ImageObject\",\"inLanguage\":\"ro-RO\",\"@id\":\"https:\/\/suzanapetre.ro\/home\/#\/schema\/logo\/image\/\",\"url\":\"https:\/\/suzanapetre.ro\/wp-content\/uploads\/2022\/11\/cropped-lart-sublime.png\",\"contentUrl\":\"https:\/\/suzanapetre.ro\/wp-content\/uploads\/2022\/11\/cropped-lart-sublime.png\",\"width\":2706,\"height\":951,\"caption\":\"suzanapetre.ro\"},\"image\":{\"@id\":\"https:\/\/suzanapetre.ro\/home\/#\/schema\/logo\/image\/\"}}]}<\/script>\n<!-- \/ Yoast SEO plugin. -->","yoast_head_json":{"title":"The 5th Set - set pensule blending\/concealer pentru ochi (5 buc\u0103\u021bi) - suzanapetre.ro","robots":{"index":"index","follow":"follow","max-snippet":"max-snippet:-1","max-image-preview":"max-image-preview:large","max-video-preview":"max-video-preview:-1"},"canonical":"https:\/\/suzanapetre.ro\/home\/product\/set-pensule-5-pcs-2\/","og_locale":"ro_RO","og_type":"article","og_title":"The 5th Set - set pensule blending\/concealer pentru ochi (5 buc\u0103\u021bi) - suzanapetre.ro","og_description":"Pensulele sunt din fibre sintetice High-Quality, imit\u00e2nd perfect parul natural, fiind deosebit de moi la atingere. Pot fi folosite in texturi cremoase si uscate.  Setul nostru include o varietate de pensule esen\u021biale, perfecte pentru estomparea \u0219i amestecarea fardurilor, definirea spr\u00e2ncenelor \u0219i aplicarea precis\u0103 a concealerului. Indiferent de look-ul pe care \u00eel dore\u0219ti, acest set \u00ee\u021bi ofer\u0103 instrumentele necesare pentru a-\u021bi pune \u00een valoare frumuse\u021bea ochilor \u0219i a ob\u021bine un machiaj impecabil.  Alege calitatea \u0219i performan\u021ba cu pensulele noastre de make-up pentru fa\u021b\u0103 \u0219i descoper\u0103 o experien\u021b\u0103 de machiaj cu adev\u0103rat sublim\u0103!","og_url":"https:\/\/suzanapetre.ro\/home\/product\/set-pensule-5-pcs-2\/","og_site_name":"suzanapetre.ro","article_modified_time":"2024-11-22T12:05:59+00:00","og_image":[{"width":1500,"height":1900,"url":"https:\/\/suzanapetre.ro\/wp-content\/uploads\/2023\/02\/5th-s.png","type":"image\/png"}],"twitter_card":"summary_large_image","twitter_misc":{"Timp estimat pentru citire":"1 minut"},"schema":{"@context":"https:\/\/schema.org","@graph":[{"@type":"WebPage","@id":"https:\/\/suzanapetre.ro\/home\/product\/set-pensule-5-pcs-2\/","url":"https:\/\/suzanapetre.ro\/home\/product\/set-pensule-5-pcs-2\/","name":"The 5th Set - set pensule blending\/concealer pentru ochi (5 buc\u0103\u021bi) - suzanapetre.ro","isPartOf":{"@id":"https:\/\/suzanapetre.ro\/home\/#website"},"datePublished":"2023-02-03T11:01:36+00:00","dateModified":"2024-11-22T12:05:59+00:00","breadcrumb":{"@id":"https:\/\/suzanapetre.ro\/home\/product\/set-pensule-5-pcs-2\/#breadcrumb"},"inLanguage":"ro-RO","potentialAction":[{"@type":"ReadAction","target":["https:\/\/suzanapetre.ro\/home\/product\/set-pensule-5-pcs-2\/"]}]},{"@type":"BreadcrumbList","@id":"https:\/\/suzanapetre.ro\/home\/product\/set-pensule-5-pcs-2\/#breadcrumb","itemListElement":[{"@type":"ListItem","position":1,"name":"Home","item":"https:\/\/suzanapetre.ro\/home\/"},{"@type":"ListItem","position":2,"name":"Shop","item":"https:\/\/suzanapetre.ro\/home\/shop-2\/"},{"@type":"ListItem","position":3,"name":"The 5th Set &#8211; set pensule blending\/concealer pentru ochi (5 buc\u0103\u021bi)"}]},{"@type":"WebSite","@id":"https:\/\/suzanapetre.ro\/home\/#website","url":"https:\/\/suzanapetre.ro\/home\/","name":"suzanapetre.ro","description":"machiaj, curs machiaj, pensule machiaj","publisher":{"@id":"https:\/\/suzanapetre.ro\/home\/#organization"},"potentialAction":[{"@type":"SearchAction","target":{"@type":"EntryPoint","urlTemplate":"https:\/\/suzanapetre.ro\/home\/?s={search_term_string}"},"query-input":"required name=search_term_string"}],"inLanguage":"ro-RO"},{"@type":"Organization","@id":"https:\/\/suzanapetre.ro\/home\/#organization","name":"suzanapetre.ro","url":"https:\/\/suzanapetre.ro\/home\/","logo":{"@type":"ImageObject","inLanguage":"ro-RO","@id":"https:\/\/suzanapetre.ro\/home\/#\/schema\/logo\/image\/","url":"https:\/\/suzanapetre.ro\/wp-content\/uploads\/2022\/11\/cropped-lart-sublime.png","contentUrl":"https:\/\/suzanapetre.ro\/wp-content\/uploads\/2022\/11\/cropped-lart-sublime.png","width":2706,"height":951,"caption":"suzanapetre.ro"},"image":{"@id":"https:\/\/suzanapetre.ro\/home\/#\/schema\/logo\/image\/"}}]}},"_links":{"self":[{"href":"https:\/\/suzanapetre.ro\/home\/wp-json\/wp\/v2\/product\/1309"}],"collection":[{"href":"https:\/\/suzanapetre.ro\/home\/wp-json\/wp\/v2\/product"}],"about":[{"href":"https:\/\/suzanapetre.ro\/home\/wp-json\/wp\/v2\/types\/product"}],"replies":[{"embeddable":true,"href":"https:\/\/suzanapetre.ro\/home\/wp-json\/wp\/v2\/comments?post=1309"}],"wp:featuredmedia":[{"embeddable":true,"href":"https:\/\/suzanapetre.ro\/home\/wp-json\/wp\/v2\/media\/2506"}],"wp:attachment":[{"href":"https:\/\/suzanapetre.ro\/home\/wp-json\/wp\/v2\/media?parent=1309"}],"wp:term":[{"taxonomy":"product_cat","embeddable":true,"href":"https:\/\/suzanapetre.ro\/home\/wp-json\/wp\/v2\/product_cat?post=1309"},{"taxonomy":"product_tag","embeddable":true,"href":"https:\/\/suzanapetre.ro\/home\/wp-json\/wp\/v2\/product_tag?post=1309"}],"curies":[{"name":"wp","href":"https:\/\/api.w.org\/{rel}","templated":true}]}}