{"id":2519,"date":"2024-04-22T08:32:40","date_gmt":"2024-04-22T08:32:40","guid":{"rendered":"https:\/\/suzanapetre.ro\/home\/?post_type=product&#038;p=2519"},"modified":"2025-05-27T13:44:03","modified_gmt":"2025-05-27T11:44:03","slug":"05-pensula-in-forma-de-flacara-pentru-blending","status":"publish","type":"product","link":"https:\/\/suzanapetre.ro\/home\/product\/05-pensula-in-forma-de-flacara-pentru-blending\/","title":{"rendered":"05 Pensul\u0103 oval\u0103 \u0219i pufoas\u0103 pentru aplicare \u0219i estompare"},"content":{"rendered":"<ul>\n<li><strong>Forma:<\/strong> Pensula are o form\u0103 oval\u0103 \u0219i aplatizat\u0103, fiind pufoas\u0103 \u0219i moale la atingere. Aceast\u0103 form\u0103 special\u0103 permite o aplicare uniform\u0103 \u0219i precis\u0103 a fardurilor pe pleoape, \u00een timp ce v\u00e2rful aplatizat ajut\u0103 la estomparea lor \u00een linii liniare \u0219i precise.<\/li>\n<li><strong>Utilizare:<\/strong> Pensula oval\u0103 \u0219i pufoas\u0103 este ideal\u0103 pentru aplicarea \u0219i estomparea fardurilor de ochi. Poate fi folosit\u0103 pentru a aplica fardurile pe \u00eentreaga pleoap\u0103, asigur\u00e2nd o acoperire uniform\u0103 \u0219i intens\u0103. De asemenea, v\u00e2rful aplatizat al pensulei este perfect pentru a estompa fardurile \u00een linii liniare \u0219i precise, cre\u00e2nd efecte de gradient \u0219i ad\u00e2ncime \u00een machiajul ochilor.<\/li>\n<li><strong>Precizie \u0219i Uniformitate:<\/strong> Datorit\u0103 formei \u0219i designului s\u0103u, aceast\u0103 pensul\u0103 ofer\u0103 precizie \u0219i uniformitate \u00een aplicarea \u0219i estomparea fardurilor de ochi. Fibrele pufoase \u0219i moi ale pensulei asigur\u0103 o aplicare delicat\u0103 \u0219i f\u0103r\u0103 efort, iar forma sa oval\u0103 permite acoperirea \u00eentregii zone a pleoapei cu u\u0219urin\u021b\u0103.<\/li>\n<\/ul>\n","protected":false},"excerpt":{"rendered":"<p>Conceput\u0103 cu form\u0103 oval\u0103 \u0219i aplatizat\u0103, aceast\u0103 pensul\u0103 este perfect\u0103 pentru aplicarea uniform\u0103 a fardurilor \u0219i estomparea lor \u00een linii liniare \u0219i precise.<\/p>\n<p><strong>Alege calitatea \u0219i performan\u021ba cu pensulele noastre de make-up pentru fa\u021b\u0103 \u0219i descoper\u0103 o experien\u021b\u0103 de machiaj cu adev\u0103rat sublim\u0103!<\/strong><\/p>\n","protected":false},"featured_media":2520,"comment_status":"open","ping_status":"closed","template":"","meta":{"om_disable_all_campaigns":false,"_monsterinsights_skip_tracking":false,"_monsterinsights_sitenote_active":false,"_monsterinsights_sitenote_note":"","_monsterinsights_sitenote_category":0,"site-sidebar-layout":"default","site-content-layout":"default","ast-global-header-display":"","ast-main-header-display":"","ast-hfb-above-header-display":"","ast-hfb-below-header-display":"","ast-hfb-mobile-header-display":"","site-post-title":"","ast-breadcrumbs-content":"","ast-featured-img":"","footer-sml-layout":"","theme-transparent-header-meta":"default","adv-header-id-meta":"","stick-header-meta":"","header-above-stick-meta":"","header-main-stick-meta":"","header-below-stick-meta":"","ngg_post_thumbnail":0},"product_cat":[70,71],"product_tag":[],"yoast_head":"<!-- This site is optimized with the Yoast SEO plugin v20.5 - https:\/\/yoast.com\/wordpress\/plugins\/seo\/ -->\n<title>05 Pensul\u0103 oval\u0103 \u0219i pufoas\u0103 pentru aplicare \u0219i estompare - suzanapetre.ro<\/title>\n<meta name=\"robots\" content=\"index, follow, max-snippet:-1, max-image-preview:large, max-video-preview:-1\" \/>\n<link rel=\"canonical\" href=\"https:\/\/suzanapetre.ro\/home\/product\/05-pensula-in-forma-de-flacara-pentru-blending\/\" \/>\n<meta property=\"og:locale\" content=\"ro_RO\" \/>\n<meta property=\"og:type\" content=\"article\" \/>\n<meta property=\"og:title\" content=\"05 Pensul\u0103 oval\u0103 \u0219i pufoas\u0103 pentru aplicare \u0219i estompare - suzanapetre.ro\" \/>\n<meta property=\"og:description\" content=\"Conceput\u0103 cu form\u0103 oval\u0103 \u0219i aplatizat\u0103, aceast\u0103 pensul\u0103 este perfect\u0103 pentru aplicarea uniform\u0103 a fardurilor \u0219i estomparea lor \u00een linii liniare \u0219i precise.  Alege calitatea \u0219i performan\u021ba cu pensulele noastre de make-up pentru fa\u021b\u0103 \u0219i descoper\u0103 o experien\u021b\u0103 de machiaj cu adev\u0103rat sublim\u0103!\" \/>\n<meta property=\"og:url\" content=\"https:\/\/suzanapetre.ro\/home\/product\/05-pensula-in-forma-de-flacara-pentru-blending\/\" \/>\n<meta property=\"og:site_name\" content=\"suzanapetre.ro\" \/>\n<meta property=\"article:modified_time\" content=\"2025-05-27T11:44:03+00:00\" \/>\n<meta property=\"og:image\" content=\"https:\/\/suzanapetre.ro\/wp-content\/uploads\/2024\/04\/05.png\" \/>\n\t<meta property=\"og:image:width\" content=\"1500\" \/>\n\t<meta property=\"og:image:height\" content=\"1900\" \/>\n\t<meta property=\"og:image:type\" content=\"image\/png\" \/>\n<meta name=\"twitter:card\" content=\"summary_large_image\" \/>\n<meta name=\"twitter:label1\" content=\"Timp estimat pentru citire\" \/>\n\t<meta name=\"twitter:data1\" content=\"1 minut\" \/>\n<script type=\"application\/ld+json\" class=\"yoast-schema-graph\">{\"@context\":\"https:\/\/schema.org\",\"@graph\":[{\"@type\":\"WebPage\",\"@id\":\"https:\/\/suzanapetre.ro\/home\/product\/05-pensula-in-forma-de-flacara-pentru-blending\/\",\"url\":\"https:\/\/suzanapetre.ro\/home\/product\/05-pensula-in-forma-de-flacara-pentru-blending\/\",\"name\":\"05 Pensul\u0103 oval\u0103 \u0219i pufoas\u0103 pentru aplicare \u0219i estompare - suzanapetre.ro\",\"isPartOf\":{\"@id\":\"https:\/\/suzanapetre.ro\/home\/#website\"},\"datePublished\":\"2024-04-22T08:32:40+00:00\",\"dateModified\":\"2025-05-27T11:44:03+00:00\",\"breadcrumb\":{\"@id\":\"https:\/\/suzanapetre.ro\/home\/product\/05-pensula-in-forma-de-flacara-pentru-blending\/#breadcrumb\"},\"inLanguage\":\"ro-RO\",\"potentialAction\":[{\"@type\":\"ReadAction\",\"target\":[\"https:\/\/suzanapetre.ro\/home\/product\/05-pensula-in-forma-de-flacara-pentru-blending\/\"]}]},{\"@type\":\"BreadcrumbList\",\"@id\":\"https:\/\/suzanapetre.ro\/home\/product\/05-pensula-in-forma-de-flacara-pentru-blending\/#breadcrumb\",\"itemListElement\":[{\"@type\":\"ListItem\",\"position\":1,\"name\":\"Home\",\"item\":\"https:\/\/suzanapetre.ro\/home\/\"},{\"@type\":\"ListItem\",\"position\":2,\"name\":\"Shop\",\"item\":\"https:\/\/suzanapetre.ro\/home\/shop-2\/\"},{\"@type\":\"ListItem\",\"position\":3,\"name\":\"05 Pensul\u0103 oval\u0103 \u0219i pufoas\u0103 pentru aplicare \u0219i estompare\"}]},{\"@type\":\"WebSite\",\"@id\":\"https:\/\/suzanapetre.ro\/home\/#website\",\"url\":\"https:\/\/suzanapetre.ro\/home\/\",\"name\":\"suzanapetre.ro\",\"description\":\"machiaj, curs machiaj, pensule machiaj\",\"publisher\":{\"@id\":\"https:\/\/suzanapetre.ro\/home\/#organization\"},\"potentialAction\":[{\"@type\":\"SearchAction\",\"target\":{\"@type\":\"EntryPoint\",\"urlTemplate\":\"https:\/\/suzanapetre.ro\/home\/?s={search_term_string}\"},\"query-input\":\"required name=search_term_string\"}],\"inLanguage\":\"ro-RO\"},{\"@type\":\"Organization\",\"@id\":\"https:\/\/suzanapetre.ro\/home\/#organization\",\"name\":\"suzanapetre.ro\",\"url\":\"https:\/\/suzanapetre.ro\/home\/\",\"logo\":{\"@type\":\"ImageObject\",\"inLanguage\":\"ro-RO\",\"@id\":\"https:\/\/suzanapetre.ro\/home\/#\/schema\/logo\/image\/\",\"url\":\"https:\/\/suzanapetre.ro\/wp-content\/uploads\/2022\/11\/cropped-lart-sublime.png\",\"contentUrl\":\"https:\/\/suzanapetre.ro\/wp-content\/uploads\/2022\/11\/cropped-lart-sublime.png\",\"width\":2706,\"height\":951,\"caption\":\"suzanapetre.ro\"},\"image\":{\"@id\":\"https:\/\/suzanapetre.ro\/home\/#\/schema\/logo\/image\/\"}}]}<\/script>\n<!-- \/ Yoast SEO plugin. -->","yoast_head_json":{"title":"05 Pensul\u0103 oval\u0103 \u0219i pufoas\u0103 pentru aplicare \u0219i estompare - suzanapetre.ro","robots":{"index":"index","follow":"follow","max-snippet":"max-snippet:-1","max-image-preview":"max-image-preview:large","max-video-preview":"max-video-preview:-1"},"canonical":"https:\/\/suzanapetre.ro\/home\/product\/05-pensula-in-forma-de-flacara-pentru-blending\/","og_locale":"ro_RO","og_type":"article","og_title":"05 Pensul\u0103 oval\u0103 \u0219i pufoas\u0103 pentru aplicare \u0219i estompare - suzanapetre.ro","og_description":"Conceput\u0103 cu form\u0103 oval\u0103 \u0219i aplatizat\u0103, aceast\u0103 pensul\u0103 este perfect\u0103 pentru aplicarea uniform\u0103 a fardurilor \u0219i estomparea lor \u00een linii liniare \u0219i precise.  Alege calitatea \u0219i performan\u021ba cu pensulele noastre de make-up pentru fa\u021b\u0103 \u0219i descoper\u0103 o experien\u021b\u0103 de machiaj cu adev\u0103rat sublim\u0103!","og_url":"https:\/\/suzanapetre.ro\/home\/product\/05-pensula-in-forma-de-flacara-pentru-blending\/","og_site_name":"suzanapetre.ro","article_modified_time":"2025-05-27T11:44:03+00:00","og_image":[{"width":1500,"height":1900,"url":"https:\/\/suzanapetre.ro\/wp-content\/uploads\/2024\/04\/05.png","type":"image\/png"}],"twitter_card":"summary_large_image","twitter_misc":{"Timp estimat pentru citire":"1 minut"},"schema":{"@context":"https:\/\/schema.org","@graph":[{"@type":"WebPage","@id":"https:\/\/suzanapetre.ro\/home\/product\/05-pensula-in-forma-de-flacara-pentru-blending\/","url":"https:\/\/suzanapetre.ro\/home\/product\/05-pensula-in-forma-de-flacara-pentru-blending\/","name":"05 Pensul\u0103 oval\u0103 \u0219i pufoas\u0103 pentru aplicare \u0219i estompare - suzanapetre.ro","isPartOf":{"@id":"https:\/\/suzanapetre.ro\/home\/#website"},"datePublished":"2024-04-22T08:32:40+00:00","dateModified":"2025-05-27T11:44:03+00:00","breadcrumb":{"@id":"https:\/\/suzanapetre.ro\/home\/product\/05-pensula-in-forma-de-flacara-pentru-blending\/#breadcrumb"},"inLanguage":"ro-RO","potentialAction":[{"@type":"ReadAction","target":["https:\/\/suzanapetre.ro\/home\/product\/05-pensula-in-forma-de-flacara-pentru-blending\/"]}]},{"@type":"BreadcrumbList","@id":"https:\/\/suzanapetre.ro\/home\/product\/05-pensula-in-forma-de-flacara-pentru-blending\/#breadcrumb","itemListElement":[{"@type":"ListItem","position":1,"name":"Home","item":"https:\/\/suzanapetre.ro\/home\/"},{"@type":"ListItem","position":2,"name":"Shop","item":"https:\/\/suzanapetre.ro\/home\/shop-2\/"},{"@type":"ListItem","position":3,"name":"05 Pensul\u0103 oval\u0103 \u0219i pufoas\u0103 pentru aplicare \u0219i estompare"}]},{"@type":"WebSite","@id":"https:\/\/suzanapetre.ro\/home\/#website","url":"https:\/\/suzanapetre.ro\/home\/","name":"suzanapetre.ro","description":"machiaj, curs machiaj, pensule machiaj","publisher":{"@id":"https:\/\/suzanapetre.ro\/home\/#organization"},"potentialAction":[{"@type":"SearchAction","target":{"@type":"EntryPoint","urlTemplate":"https:\/\/suzanapetre.ro\/home\/?s={search_term_string}"},"query-input":"required name=search_term_string"}],"inLanguage":"ro-RO"},{"@type":"Organization","@id":"https:\/\/suzanapetre.ro\/home\/#organization","name":"suzanapetre.ro","url":"https:\/\/suzanapetre.ro\/home\/","logo":{"@type":"ImageObject","inLanguage":"ro-RO","@id":"https:\/\/suzanapetre.ro\/home\/#\/schema\/logo\/image\/","url":"https:\/\/suzanapetre.ro\/wp-content\/uploads\/2022\/11\/cropped-lart-sublime.png","contentUrl":"https:\/\/suzanapetre.ro\/wp-content\/uploads\/2022\/11\/cropped-lart-sublime.png","width":2706,"height":951,"caption":"suzanapetre.ro"},"image":{"@id":"https:\/\/suzanapetre.ro\/home\/#\/schema\/logo\/image\/"}}]}},"_links":{"self":[{"href":"https:\/\/suzanapetre.ro\/home\/wp-json\/wp\/v2\/product\/2519"}],"collection":[{"href":"https:\/\/suzanapetre.ro\/home\/wp-json\/wp\/v2\/product"}],"about":[{"href":"https:\/\/suzanapetre.ro\/home\/wp-json\/wp\/v2\/types\/product"}],"replies":[{"embeddable":true,"href":"https:\/\/suzanapetre.ro\/home\/wp-json\/wp\/v2\/comments?post=2519"}],"wp:featuredmedia":[{"embeddable":true,"href":"https:\/\/suzanapetre.ro\/home\/wp-json\/wp\/v2\/media\/2520"}],"wp:attachment":[{"href":"https:\/\/suzanapetre.ro\/home\/wp-json\/wp\/v2\/media?parent=2519"}],"wp:term":[{"taxonomy":"product_cat","embeddable":true,"href":"https:\/\/suzanapetre.ro\/home\/wp-json\/wp\/v2\/product_cat?post=2519"},{"taxonomy":"product_tag","embeddable":true,"href":"https:\/\/suzanapetre.ro\/home\/wp-json\/wp\/v2\/product_tag?post=2519"}],"curies":[{"name":"wp","href":"https:\/\/api.w.org\/{rel}","templated":true}]}}