{"id":2524,"date":"2024-04-22T08:51:18","date_gmt":"2024-04-22T08:51:18","guid":{"rendered":"https:\/\/suzanapetre.ro\/home\/?post_type=product&#038;p=2524"},"modified":"2025-06-15T22:08:12","modified_gmt":"2025-06-15T20:08:12","slug":"07-pensula-plata-si-pufoasa-cu-varf-in-v","status":"publish","type":"product","link":"https:\/\/suzanapetre.ro\/home\/product\/07-pensula-plata-si-pufoasa-cu-varf-in-v\/","title":{"rendered":"07 Pensul\u0103 plat\u0103 \u0219i pufoas\u0103 cu v\u00e2rf \u00een \u201cV\u201d"},"content":{"rendered":"<ul>\n<li><strong>Forma:<\/strong> Pensula are o form\u0103 plat\u0103 \u0219i pufoas\u0103, cu un v\u00e2rf \u00een &#8220;V&#8221; bine definit. Aceast\u0103 form\u0103 special\u0103 permite o aplicare precis\u0103 \u0219i uniform\u0103 a fardurilor, pigmen\u021bilor \u0219i concealerului pe pleoape \u0219i alte zone ale fe\u021bei.<\/li>\n<li><strong>Utilizare:<\/strong> Pensula plat\u0103 \u0219i pufoas\u0103 cu v\u00e2rf \u00een &#8220;V&#8221; este extrem de versatil\u0103 \u0219i poate fi folosit\u0103 \u00een mai multe moduri. Poate fi utilizat\u0103 pentru aplicarea fardurilor de ochi pe pleoape, aplicarea pigmentului pentru un efect intens, precum \u0219i pentru aplicarea \u0219i estomparea concealerului \u00een zonele dorite ale fe\u021bei. V\u00e2rful \u00een &#8220;V&#8221; al pensulei permite un efect de blending liniar \u0219i uniform, oferind rezultate profesionale \u00een fiecare utilizare.<\/li>\n<li><strong>Precizie \u0219i Uniformitate:<\/strong> Datorit\u0103 formei \u0219i designului s\u0103u inovator, aceast\u0103 pensul\u0103 ofer\u0103 precizie \u0219i uniformitate \u00een aplicarea \u0219i estomparea produselor de machiaj. Fibrele pufoase \u0219i moi ale pensulei permit o aplicare delicat\u0103 \u0219i f\u0103r\u0103 efort, iar v\u00e2rful \u00een &#8220;V&#8221; permite ob\u021binerea unor linii precise \u0219i uniforme.<\/li>\n<\/ul>\n","protected":false},"excerpt":{"rendered":"<p>Versatil\u0103 \u0219i precis\u0103, aceast\u0103 pensul\u0103 poate fi folosit\u0103 pentru aplicarea fardului, pigmen\u021bilor \u0219i a concealerului, oferind un efect de blending liniar \u0219i uniform.<\/p>\n<p><strong>Alege calitatea \u0219i performan\u021ba cu pensulele noastre de make-up pentru fa\u021b\u0103 \u0219i descoper\u0103 o experien\u021b\u0103 de machiaj cu adev\u0103rat sublim\u0103!<\/strong><\/p>\n","protected":false},"featured_media":2525,"comment_status":"open","ping_status":"closed","template":"","meta":{"om_disable_all_campaigns":false,"_monsterinsights_skip_tracking":false,"_monsterinsights_sitenote_active":false,"_monsterinsights_sitenote_note":"","_monsterinsights_sitenote_category":0,"site-sidebar-layout":"default","site-content-layout":"default","ast-global-header-display":"","ast-main-header-display":"","ast-hfb-above-header-display":"","ast-hfb-below-header-display":"","ast-hfb-mobile-header-display":"","site-post-title":"","ast-breadcrumbs-content":"","ast-featured-img":"","footer-sml-layout":"","theme-transparent-header-meta":"default","adv-header-id-meta":"","stick-header-meta":"","header-above-stick-meta":"","header-main-stick-meta":"","header-below-stick-meta":"","ngg_post_thumbnail":0},"product_cat":[70,71],"product_tag":[],"yoast_head":"<!-- This site is optimized with the Yoast SEO plugin v20.5 - https:\/\/yoast.com\/wordpress\/plugins\/seo\/ -->\n<title>07 Pensul\u0103 plat\u0103 \u0219i pufoas\u0103 cu v\u00e2rf \u00een \u201cV\u201d - suzanapetre.ro<\/title>\n<meta name=\"robots\" content=\"index, follow, max-snippet:-1, max-image-preview:large, max-video-preview:-1\" \/>\n<link rel=\"canonical\" href=\"https:\/\/suzanapetre.ro\/home\/product\/07-pensula-plata-si-pufoasa-cu-varf-in-v\/\" \/>\n<meta property=\"og:locale\" content=\"ro_RO\" \/>\n<meta property=\"og:type\" content=\"article\" \/>\n<meta property=\"og:title\" content=\"07 Pensul\u0103 plat\u0103 \u0219i pufoas\u0103 cu v\u00e2rf \u00een \u201cV\u201d - suzanapetre.ro\" \/>\n<meta property=\"og:description\" content=\"Versatil\u0103 \u0219i precis\u0103, aceast\u0103 pensul\u0103 poate fi folosit\u0103 pentru aplicarea fardului, pigmen\u021bilor \u0219i a concealerului, oferind un efect de blending liniar \u0219i uniform.  Alege calitatea \u0219i performan\u021ba cu pensulele noastre de make-up pentru fa\u021b\u0103 \u0219i descoper\u0103 o experien\u021b\u0103 de machiaj cu adev\u0103rat sublim\u0103!\" \/>\n<meta property=\"og:url\" content=\"https:\/\/suzanapetre.ro\/home\/product\/07-pensula-plata-si-pufoasa-cu-varf-in-v\/\" \/>\n<meta property=\"og:site_name\" content=\"suzanapetre.ro\" \/>\n<meta property=\"article:modified_time\" content=\"2025-06-15T20:08:12+00:00\" \/>\n<meta property=\"og:image\" content=\"https:\/\/suzanapetre.ro\/wp-content\/uploads\/2024\/04\/07.png\" \/>\n\t<meta property=\"og:image:width\" content=\"1500\" \/>\n\t<meta property=\"og:image:height\" content=\"1900\" \/>\n\t<meta property=\"og:image:type\" content=\"image\/png\" \/>\n<meta name=\"twitter:card\" content=\"summary_large_image\" \/>\n<meta name=\"twitter:label1\" content=\"Timp estimat pentru citire\" \/>\n\t<meta name=\"twitter:data1\" content=\"1 minut\" \/>\n<script type=\"application\/ld+json\" class=\"yoast-schema-graph\">{\"@context\":\"https:\/\/schema.org\",\"@graph\":[{\"@type\":\"WebPage\",\"@id\":\"https:\/\/suzanapetre.ro\/home\/product\/07-pensula-plata-si-pufoasa-cu-varf-in-v\/\",\"url\":\"https:\/\/suzanapetre.ro\/home\/product\/07-pensula-plata-si-pufoasa-cu-varf-in-v\/\",\"name\":\"07 Pensul\u0103 plat\u0103 \u0219i pufoas\u0103 cu v\u00e2rf \u00een \u201cV\u201d - suzanapetre.ro\",\"isPartOf\":{\"@id\":\"https:\/\/suzanapetre.ro\/home\/#website\"},\"datePublished\":\"2024-04-22T08:51:18+00:00\",\"dateModified\":\"2025-06-15T20:08:12+00:00\",\"breadcrumb\":{\"@id\":\"https:\/\/suzanapetre.ro\/home\/product\/07-pensula-plata-si-pufoasa-cu-varf-in-v\/#breadcrumb\"},\"inLanguage\":\"ro-RO\",\"potentialAction\":[{\"@type\":\"ReadAction\",\"target\":[\"https:\/\/suzanapetre.ro\/home\/product\/07-pensula-plata-si-pufoasa-cu-varf-in-v\/\"]}]},{\"@type\":\"BreadcrumbList\",\"@id\":\"https:\/\/suzanapetre.ro\/home\/product\/07-pensula-plata-si-pufoasa-cu-varf-in-v\/#breadcrumb\",\"itemListElement\":[{\"@type\":\"ListItem\",\"position\":1,\"name\":\"Home\",\"item\":\"https:\/\/suzanapetre.ro\/home\/\"},{\"@type\":\"ListItem\",\"position\":2,\"name\":\"Shop\",\"item\":\"https:\/\/suzanapetre.ro\/home\/shop-2\/\"},{\"@type\":\"ListItem\",\"position\":3,\"name\":\"07 Pensul\u0103 plat\u0103 \u0219i pufoas\u0103 cu v\u00e2rf \u00een \u201cV\u201d\"}]},{\"@type\":\"WebSite\",\"@id\":\"https:\/\/suzanapetre.ro\/home\/#website\",\"url\":\"https:\/\/suzanapetre.ro\/home\/\",\"name\":\"suzanapetre.ro\",\"description\":\"machiaj, curs machiaj, pensule machiaj\",\"publisher\":{\"@id\":\"https:\/\/suzanapetre.ro\/home\/#organization\"},\"potentialAction\":[{\"@type\":\"SearchAction\",\"target\":{\"@type\":\"EntryPoint\",\"urlTemplate\":\"https:\/\/suzanapetre.ro\/home\/?s={search_term_string}\"},\"query-input\":\"required name=search_term_string\"}],\"inLanguage\":\"ro-RO\"},{\"@type\":\"Organization\",\"@id\":\"https:\/\/suzanapetre.ro\/home\/#organization\",\"name\":\"suzanapetre.ro\",\"url\":\"https:\/\/suzanapetre.ro\/home\/\",\"logo\":{\"@type\":\"ImageObject\",\"inLanguage\":\"ro-RO\",\"@id\":\"https:\/\/suzanapetre.ro\/home\/#\/schema\/logo\/image\/\",\"url\":\"https:\/\/suzanapetre.ro\/wp-content\/uploads\/2022\/11\/cropped-lart-sublime.png\",\"contentUrl\":\"https:\/\/suzanapetre.ro\/wp-content\/uploads\/2022\/11\/cropped-lart-sublime.png\",\"width\":2706,\"height\":951,\"caption\":\"suzanapetre.ro\"},\"image\":{\"@id\":\"https:\/\/suzanapetre.ro\/home\/#\/schema\/logo\/image\/\"}}]}<\/script>\n<!-- \/ Yoast SEO plugin. -->","yoast_head_json":{"title":"07 Pensul\u0103 plat\u0103 \u0219i pufoas\u0103 cu v\u00e2rf \u00een \u201cV\u201d - suzanapetre.ro","robots":{"index":"index","follow":"follow","max-snippet":"max-snippet:-1","max-image-preview":"max-image-preview:large","max-video-preview":"max-video-preview:-1"},"canonical":"https:\/\/suzanapetre.ro\/home\/product\/07-pensula-plata-si-pufoasa-cu-varf-in-v\/","og_locale":"ro_RO","og_type":"article","og_title":"07 Pensul\u0103 plat\u0103 \u0219i pufoas\u0103 cu v\u00e2rf \u00een \u201cV\u201d - suzanapetre.ro","og_description":"Versatil\u0103 \u0219i precis\u0103, aceast\u0103 pensul\u0103 poate fi folosit\u0103 pentru aplicarea fardului, pigmen\u021bilor \u0219i a concealerului, oferind un efect de blending liniar \u0219i uniform.  Alege calitatea \u0219i performan\u021ba cu pensulele noastre de make-up pentru fa\u021b\u0103 \u0219i descoper\u0103 o experien\u021b\u0103 de machiaj cu adev\u0103rat sublim\u0103!","og_url":"https:\/\/suzanapetre.ro\/home\/product\/07-pensula-plata-si-pufoasa-cu-varf-in-v\/","og_site_name":"suzanapetre.ro","article_modified_time":"2025-06-15T20:08:12+00:00","og_image":[{"width":1500,"height":1900,"url":"https:\/\/suzanapetre.ro\/wp-content\/uploads\/2024\/04\/07.png","type":"image\/png"}],"twitter_card":"summary_large_image","twitter_misc":{"Timp estimat pentru citire":"1 minut"},"schema":{"@context":"https:\/\/schema.org","@graph":[{"@type":"WebPage","@id":"https:\/\/suzanapetre.ro\/home\/product\/07-pensula-plata-si-pufoasa-cu-varf-in-v\/","url":"https:\/\/suzanapetre.ro\/home\/product\/07-pensula-plata-si-pufoasa-cu-varf-in-v\/","name":"07 Pensul\u0103 plat\u0103 \u0219i pufoas\u0103 cu v\u00e2rf \u00een \u201cV\u201d - suzanapetre.ro","isPartOf":{"@id":"https:\/\/suzanapetre.ro\/home\/#website"},"datePublished":"2024-04-22T08:51:18+00:00","dateModified":"2025-06-15T20:08:12+00:00","breadcrumb":{"@id":"https:\/\/suzanapetre.ro\/home\/product\/07-pensula-plata-si-pufoasa-cu-varf-in-v\/#breadcrumb"},"inLanguage":"ro-RO","potentialAction":[{"@type":"ReadAction","target":["https:\/\/suzanapetre.ro\/home\/product\/07-pensula-plata-si-pufoasa-cu-varf-in-v\/"]}]},{"@type":"BreadcrumbList","@id":"https:\/\/suzanapetre.ro\/home\/product\/07-pensula-plata-si-pufoasa-cu-varf-in-v\/#breadcrumb","itemListElement":[{"@type":"ListItem","position":1,"name":"Home","item":"https:\/\/suzanapetre.ro\/home\/"},{"@type":"ListItem","position":2,"name":"Shop","item":"https:\/\/suzanapetre.ro\/home\/shop-2\/"},{"@type":"ListItem","position":3,"name":"07 Pensul\u0103 plat\u0103 \u0219i pufoas\u0103 cu v\u00e2rf \u00een \u201cV\u201d"}]},{"@type":"WebSite","@id":"https:\/\/suzanapetre.ro\/home\/#website","url":"https:\/\/suzanapetre.ro\/home\/","name":"suzanapetre.ro","description":"machiaj, curs machiaj, pensule machiaj","publisher":{"@id":"https:\/\/suzanapetre.ro\/home\/#organization"},"potentialAction":[{"@type":"SearchAction","target":{"@type":"EntryPoint","urlTemplate":"https:\/\/suzanapetre.ro\/home\/?s={search_term_string}"},"query-input":"required name=search_term_string"}],"inLanguage":"ro-RO"},{"@type":"Organization","@id":"https:\/\/suzanapetre.ro\/home\/#organization","name":"suzanapetre.ro","url":"https:\/\/suzanapetre.ro\/home\/","logo":{"@type":"ImageObject","inLanguage":"ro-RO","@id":"https:\/\/suzanapetre.ro\/home\/#\/schema\/logo\/image\/","url":"https:\/\/suzanapetre.ro\/wp-content\/uploads\/2022\/11\/cropped-lart-sublime.png","contentUrl":"https:\/\/suzanapetre.ro\/wp-content\/uploads\/2022\/11\/cropped-lart-sublime.png","width":2706,"height":951,"caption":"suzanapetre.ro"},"image":{"@id":"https:\/\/suzanapetre.ro\/home\/#\/schema\/logo\/image\/"}}]}},"_links":{"self":[{"href":"https:\/\/suzanapetre.ro\/home\/wp-json\/wp\/v2\/product\/2524"}],"collection":[{"href":"https:\/\/suzanapetre.ro\/home\/wp-json\/wp\/v2\/product"}],"about":[{"href":"https:\/\/suzanapetre.ro\/home\/wp-json\/wp\/v2\/types\/product"}],"replies":[{"embeddable":true,"href":"https:\/\/suzanapetre.ro\/home\/wp-json\/wp\/v2\/comments?post=2524"}],"wp:featuredmedia":[{"embeddable":true,"href":"https:\/\/suzanapetre.ro\/home\/wp-json\/wp\/v2\/media\/2525"}],"wp:attachment":[{"href":"https:\/\/suzanapetre.ro\/home\/wp-json\/wp\/v2\/media?parent=2524"}],"wp:term":[{"taxonomy":"product_cat","embeddable":true,"href":"https:\/\/suzanapetre.ro\/home\/wp-json\/wp\/v2\/product_cat?post=2524"},{"taxonomy":"product_tag","embeddable":true,"href":"https:\/\/suzanapetre.ro\/home\/wp-json\/wp\/v2\/product_tag?post=2524"}],"curies":[{"name":"wp","href":"https:\/\/api.w.org\/{rel}","templated":true}]}}